 + 1749. Is g composite?
False
Let u = 12511 - 7104. Let g = u - -5196. Is g a composite number?
True
Suppose -3*z = -3*g + 21, 0 = 3*g + z - 0*z - 13. Suppose 26869 = g*m - k - 1082, -3*k - 27943 = -5*m. Is m a composite number?
False
Let k(g) = g**2 + 11*g + 26. Let d be k(-6). Let x(h) = 5*h - 4*h**2 - 3*h**3 + 5 - 6*h**2 + 9*h**2. Is x(d) a prime number?
False
Let q(y) = -137*y - 215. Let m be q(-3). Suppose 4*h + 213 = -335. Let r = m + h. Is r a composite number?
False
Suppose 462331 = 4*g + 3*k, -g - 5*k + 6*k + 115581 = 0. Is g a prime number?
False
Suppose 961 + 920 = n. Suppose -n = 3*u - 77190. Is (u/(-52))/((-1)/4) a prime number?
True
Suppose 0*l - 12 = 2*l. Let h(u) = -62*u + 65. Is h(l) a prime number?
False
Let w = -9 - -11. Let i = 4686 + -768. Suppose 5*r + i = w*g, 4*g + 4*r = r + 7784. Is g a composite number?
False
Let z(d) = 277*d + 3. Let v be z(1). Let s(h) = 136*h + 11 + 2 - v*h. Is s(-11) a composite number?
False
Suppose -2*p + 2 + 4 = 4*r, 5*p = 4*r + 29. Suppose -4*v = 5*x - 57149, 4*v - p*x - 26687 = 30412. Is v composite?
False
Suppose -14 = 2*u + 2*o, 3*u - o = u - 8. Let y(m) = -3*m**2 - 2*m + 16. Let g be y(u). Is (574/g)/((-1)/7) prime?
False
Let i be -3 - (-5 + (-2324 - 3)). Let c = -370 + i. Is c a prime number?
False
Let u = 294128 - 172855. Is u prime?
False
Let a(g) = g**2 + 3*g. Let t be a(-4). Suppose -31108 = -t*x + 4*r, 3*x - x + 4*r = 15584. Suppose -l = l - x. Is l prime?
False
Suppose -2*i = 4*g - 0*i - 22, g = 4*i - 17. Suppose 5*f + 5*x = 46210, x + 0*x = g*f - 27714. Is f prime?
True
Let c = 2 - -290. Suppose 2*p + 2*p - 2060 = 0. Let q = p - c. Is q a prime number?
True
Let z(x) = 4 - 4*x + 91*x**3 - 1 + 0 + 4*x**2 + 0. Is z(2) prime?
True
Let j(u) = u**2 - u - 25. Let q be j(-5). Suppose 0 = 5*g + 5, q*o + 2*g = -0*o + 39543. Is o a prime number?
False
Let t be (-255)/(-102)*(4 + 0/1). Suppose -9*x - 4*y - 131 = -t*x, 0 = -2*x + y + 262. Is x prime?
True
Let x(o) = -7251*o + 197. Is x(-46) prime?
False
Suppose 2*y = 5*z + 178711, 5*y - z - 420729 = 26083. Is y composite?
False
Let c(g) be the second derivative of -9*g**3 + 155*g**2/2 - 62*g. Is c(-14) prime?
True
Suppose 75*i = 597978 - 19653. Is i a prime number?
False
Suppose 0 = -2*k - 5*d - 18033, 2*k + 19079 = d + 1076. Let a be (0 - k/3)/(28/42). Suppose -a = 3*u - 5*u. Is u a prime number?
True
Let m(l) = l**3 + 32*l**2 - 9*l - 29. Suppose 19*w = 28*w + 288. Is m(w) a prime number?
False
Let v be 8/(-2) - -4 - -4. Suppose 4*w + 2*j - 182 = -j, 0 = 2*j - v. Let a = w + -7. Is a a composite number?
False
Is -1*1 + 10592*945/54 a prime number?
True
Let u(v) = 18*v**2 - v + 20. Let h be u(-21). Let k = h - 4072. Is k composite?
False
Let b(h) = -2*h**2 + 119*h + 55. Let f be b(56). Suppose f*t - 438*t = 15354. Is t a composite number?
True
Suppose 2*b - 29 - 101 = 0. Let j be 326/(-22) + (b/(-55) - -1). Is 2/(9/j + 3398/5630) prime?
True
Let r(b) = -b**3 - 11*b**2 - b + 12. Let x be r(-11). Let k = 72 - 92. Let o = x + k. Is o composite?
False
Let t(a) = -10830*a - 2993. Is t(-7) composite?
False
Let p(n) = 15374*n - 3091. Is p(12) composite?
False
Let d be -1 + 6 - 5 - -830. Suppose b + 4*t - 415 = 0, -3*b + 5*b - d = -4*t. Suppose -410*y - 4445 = -b*y. Is y a composite number?
True
Let l(z) = 3*z + 19. Let j be l(0). Let c(s) = -203*s + 13 - 5 - j - 203*s. Is c(-3) composite?
True
Let p = -1564433 + 2216599. Is p a prime number?
False
Let o = -29 + 34. Suppose -6*d = -35 + o. Is (-120 + d)*(1 + -2) a composite number?
True
Suppose -4*p = -4*o - 60, 10*p - 55 = 4*o + 11*p. Is ((-10762)/3)/(o/21) a prime number?
True
Let v(w) be the first derivative of -19*w**4/12 + w**3/2 + 11*w**2 + 18. Let s(d) be the second derivative of v(d). Is s(-2) a prime number?
True
Let d(v) = v**2 + 10*v + 36. Let r be d(-8). Suppose -r = -4*s - s. Suppose 4*l - s*k = -k + 6616, 5*l + 4*k - 8270 = 0. Is l composite?
True
Let v = -86 - -93. Let a(r) = -6 - 235*r - v + 4*r**2 + 205*r. Is a(15) a prime number?
False
Is (128987/3)/(44/132) prime?
True
Let t = 27 + -8. Let x = -10 + t. Suppose -9724 = -x*l + 4163. Is l composite?
False
Let p = 4699 + 2544. Is p a prime number?
True
Let w(t) = -4*t - 2*t**2 + 0*t - 10 - 5*t**3 + 2*t**3. Suppose -7*f - 44 = 19. Is w(f) composite?
True
Let q(s) = -s**2 - 7*s + 4. Let z be q(-7). Suppose 0 = a + z*a - 3010. Suppose -196*x = -194*x - a. Is x a prime number?
False
Let n be 3385 - (30/(-50) + 17/(-5)). Suppose -j - 3*l + 3377 = j, l + n = 2*j. Is j composite?
False
Let j = 6409 - 3405. Let s = j + -2025. Is s prime?
False
Let y = -17672 - -32685. Is y a composite number?
False
Let w be (-3 - 5)/(0 + -4). Let b(u) = 27671*u + 3. Is b(w) composite?
True
Let q be (4 - (3 + -91))*-16. Let k = q + 3667. Is k a prime number?
False
Suppose -16*g = -w - 11*g - 21, -2*w + g = -3. Is (-385799)/(-74)*(w - 2) prime?
True
Let g(l) = 5*l**3 + 3*l**2 + 42*l - 122. Let r be g(3). Suppose -177*x = -r*x - 55429. Is x composite?
False
Suppose -5*m - 2*b - 6 = 0, -2*m - 3*b - 12 = b. Suppose a + 3 - 10 = m. Suppose -a*d + 458 = -1019. Is d prime?
True
Suppose 0 = -3*c + 5*j + 17, -7*c = -4*c - 3*j - 15. Suppose 3*x = -c*x + 28. Suppose -3504 = -4*w + x*s, 0 = 3*s - 2*s - 1. Is w composite?
False
Is 2075321/9 + 37/((-3663)/22) a composite number?
True
Let r(s) = s**3 - 16*s**2 + 17*s - 27. Let x be r(15). Suppose -7349 = -5*l - 4*d, -d = -4*l + x*d + 5872. Is l a prime number?
False
Let j(b) = 190*b**2 + 35*b + 647. Is j(-22) composite?
False
Let o(l) = l**3 - l**2 + 3*l + 3. Let f be o(0). Suppose -c - 58 - 62 = -3*m, f*c + 3*m + 420 = 0. Let p = c - -326. Is p composite?
False
Let n = 7592 - -14817. Is n prime?
True
Let s = 63021 - 35878. Is s a composite number?
False
Suppose -3005164 - 5231432 = -62*i - 1781962. Is i a prime number?
True
Let a = -90 - -95. Suppose -r = 5*g - 2*r - 7, -a*g = 3*r - 19. Is (-3 - (-7)/g)/(1/1434) composite?
True
Let u = 144 + 107. Suppose 0 = 18*a - 5615 + u. Is a prime?
False
Let s be (-2)/((-5)/(-60)*-3). Suppose 0 = 3*j - 2*j. Suppose j = s*i - 6*i - 898. Is i a composite number?
False
Let f(u) = -7*u + 1 - 9 - 5 + 5*u**2. Let b(n) = n**3 + 10*n**2 + 11*n + 8. Let q be b(-9). Is f(q) a composite number?
False
Let n(r) = -r**2 + 12*r - 18. Let x be n(9). Suppose 0 = x*q - 3*q - 4134. Let s = -390 + q. Is s composite?
True
Suppose 8*k - 341887 = -34*k + 1258859. Is k composite?
False
Let p(q) = 3097*q**2 - 2*q - 31. Is p(4) composite?
True
Suppose 106*m - 1971034 = 559080. Is m composite?
False
Let a(c) = c**3 - 8*c**2 + 9*c - 6. Let x be a(7). Let n(t) = t - 3. Let o be n(x). Is 4443/o - 12/(-30) a composite number?
True
Let s(m) = -2358*m + 1913. Is s(-31) prime?
True
Let y be 9/(-33) - 533/143. Let r(u) = -148*u**3 + 10*u**2 + u - 9. Is r(y) composite?
False
Let x be 11/((-3012)/(-1504) + -2). Let l = 5913 - x. Is l composite?
False
Let d(j) = 10*j**2 + 22*j + 709. Is d(-20) composite?
True
Let l(t) = -443*t**2 + 2*t + 1. Let m be l(3). Let h = -2247 - m. Is h prime?
True
Let p = -65232 + 93695. Is p composite?
False
Let d(p) = 314*p - 4531. Is d(73) composite?
True
Suppose -30039791 + 4306218 = -8*n - 15*n. Is n a prime number?
True
Let a = 70823 + -39994. Is a a prime number?
True
Let r = -103 + 101. Let c be 2/(-4)*(5 + -3)*r. Suppose 0 = 3*q - 3*b - 7368, -c*q + 0*q + 4*b + 4906 = 0. Is q composite?
False
Let g = -666 - -431. Let i = 444 + g. Is i composite?
True
Is (-3342406228)/(-3332) + 6/153*-3 prime?
False
Is (-369147)/(5 + -18 + 10) composite?
False
Suppose -16*t + 23 = 7. Let f(c) = c**3 - c**2 - c + 1. Let g(k) = -355*k**3 + 426*k**2 + 426*k - 426. Let r(n) = t*g(n) + 426*f(n). Is r(1) a prime number?
True
Suppose -10*u + 12*u = -4634. Let g = u - -4640. Suppose -491 = -6*o + g. Is o a composite number?
True
Suppose 33*d = 48*d - 375. Let x = 12 - 18. Let g = d - x. Is g a composite number?
False
Let j(p) = -498*p**2 - 35*p - 8. Let m be j(-7). Let i = m + 45542. Is i prime?
True
Let r = 75155 - -78662. Is r a composite number?
False
Let p = 69 - 67. Suppose 0 = 2*j, 3*c = p*c + 2*j + 13. Suppose -c*d = -10*d - 2253. Is d composite?
False
Suppose 5*r - 11 = m - 1, 14 = 4*r - 2*m. Suppose -5*z + 19 = -5*q + 4, q - r = -3*z. Let y(a) = -143*a**3 + 3*a**2 - 5. Is y(q) prime?
True
Suppose 4*w 